-1110110000101101110
Convert -46444 (base 16) to base 10.
-287812
Convert 5882320 (base 10) to base 3.
102001212000201
Convert -122101013 (base 5) to base 16.
-8df07
Convert 1031041032 (base 5) to base 10.
2205767
-2430234014 (base 5) to base 10
-5711759
Convert 1c7f05 (base 16) to base 11.
1066110
a20c (base 14) to base 16
6cc4
-36474 (base 10) to base 9
-55026
Convert -74535a (base 15) to base 13.
-11ba8c9
b82899 (base 12) to base 3
12110201201000
What is 23545 (base 14) in base 15?
1a7a5
Convert 4053524 (base 6) to base 4.
233112130
Convert -336707 (base 13) to base 12.
-4a6612
Convert -122144535 (base 7) to base 6.
-432301303
c35219 (base 14) to base 11
3797122
Convert -2152313 (base 6) to base 10.
-108117
a58580 (base 11) to base 5
413220211
14a582a (base 13) to base 5
3143004324
Convert -5c80a (base 15) to base 11.
-191a68
-210441333 (base 5) to base 16
-d5861
What is 27130 (base 14) in base 6?
2021422
-13a8b4 (base 14) to base 15
-d7228
What is -1400797 (base 10) in base 2?
-101010101111111011101
-1627261 (base 8) to base 2
-1110010111010110001
197c83 (base 13) to base 9
1183847
Convert 1004949 (base 13) to base 10.
4837179
Convert -1001011001100 (base 3) to base 4.
-2013101130
What is -21ab499 (base 12) in base 11?
-3704412
Convert 13113601 (base 7) to base 5.
301301042
Convert -324145125 (base 6) to base 3.
-101220122022222
What is 12042224 (base 5) in base 14?
2cc57
What is 10010010011011110 (base 2) in base 11?
51369
-9c3002 (base 13) to base 11
-20a1090
130231123 (base 5) to base 14
126b0c
-10122221010011 (base 3) to base 9
-3587104
954603 (base 10) to base 4
3221003223
Convert -1200223102 (base 4) to base 6.
-12253134
Convert -150986 (base 15) to base 7.
-11424111
What is 63117 (base 10) in base 4?
33122031
Convert -5ecb66 (base 15) to base 11.
-2627559
Convert -18e72c (base 16) to base 11.
-a151a7
What is a43e8d (base 15) in base 11?
445456a
-1127162 (base 8) to base 6
-10324214
79468c (base 13) to base 7
33234511
What is 12010112101100 (base 3) in base 16?
299b53
What is -1173428 (base 11) in base 2?
-111110001111100110110
What is -305d2 (base 14) in base 13?
-40caa
-c4d9 (base 14) to base 10
-33903
What is 332213321 (base 4) in base 5?
31202010
-1ca170 (base 15) to base 11
-877616
Convert -212001210121022 (base 3) to base 4.
-232300310033
What is -2004502425 (base 6) in base 10?
-20381489
What is 11748 (base 9) in base 16?
1edd
What is -33232300220 (base 4) in base 5?
-2023424223
Convert 42332021 (base 5) to base 8.
1265675
-a8959 (base 12) to base 14
-5b165
Convert -64b2a (base 12) to base 13.
-48688
What is -5015324 (base 7) in base 8?
-2205216
34523 (base 8) to base 14
54c3
Convert -332664 (base 10) to base 8.
-1211570
What is 121022312223 (base 4) in base 3?
110102012211120
edda (base 16) to base 11
41825
What is -6332063 (base 7) in base 3?
-1102211100112
Convert -39314b (base 12) to base 7.
-10656113
What is 45d21f (base 16) in base 9?
8543704
What is -45104 (base 10) in base 16?
-b030
Convert -304460 (base 13) to base 16.
-11245d
Convert 1254324 (base 8) to base 13.
c3665
Convert 7aa454 (base 11) to base 7.
13641665
What is -30202420 (base 7) in base 15?
-3473e4
What is 3233320 (base 5) in base 11?
38739
-665015 (base 10) to base 6
-22130435
701815 (base 10) to base 8
2532567
Convert -16683 (base 12) to base 10.
-32067
What is -c619 (base 15) in base 3?
-2010102220
316351 (base 11) to base 8
1734527
Convert 70603 (base 13) to base 2.
110001000011110000
What is -1000001110110011010 (base 2) in base 11?
-174712
12022121210010 (base 3) to base 16
2b2297
Convert 37747 (base 13) to base 8.
307640
Convert -1639382 (base 14) to base 13.
-2347006
Convert -20012112220102 (base 3) to base 2.
-1100100101001010000110
What is c71ff (base 16) in base 9?
1472728
What is 3254556 (base 8) in base 6?
30430142
What is -111110333 (base 4) in base 7?
-512456
What is -a764b (base 15) in base 3?
-222222210122
144abc (base 13) to base 15
9c030
Convert -787a5 (base 16) to base 3.
-221001220221
What is -1db74 (base 15) in base 2?
-10111101100111100
-716322 (base 10) to base 13
-1c1079
4b265 (base 14) to base 12
8a809
Convert -10000110110011011000011 (base 2) to base 15.
-5c3c14
Convert -342657 (base 10) to base 4.
-1103222001
13401 (base 15) to base 4
33003103
What is -3213113 (base 4) in base 5?
-433212
Convert -211221021 (base 5) to base 8.
-3273714
9a15a2 (base 12) to base 14
47a906
What is -12031011 (base 4) in base 9?
-37766
Convert 6451208 (base 9) to base 2.
1101001100010111110010
-333445 (base 7) to base 16
-e602
What is -112210021001100 (base 3) in base 13?
-1821cc0
What is -43604 (base 8) in base 15?
-5658
What is 97a6b (base 13) in base 15?
563a7
-207755 (base 10) to base 2
-110010101110001011
What is -ca015 (base 15) in base 5?
-131010040
What is 12653314 (base 7) in base 8?
4362613
Convert -56333102 (base 8) to base 3.
-211220100020001
-28353 (base 11) to base 14
-109c3
What is -110202000210 (base 3) in base 10?
-250797
89672 (base 12) to base 6
3524222
Convert -1021460 (base 9) to base 14.
-102c06
What is 52128 (base 9) in base 12?
17a82
What is -1634061 (base 8) in base 9?
-801017
-2365494 (base 11) to base 4
-33232030103
Convert 546652 (base 7) to base 10.
96028
What is 24551 (base 12) in base 3?
2111102221
-37512 (base 10) to base 12
-19860
What is 3870a93 (base 11) in base 15?
8c7360
What is 304552242 (base 7) in base 10?
17861853
-10f11a (base 16) to base 12
-45664a
177315 (base 8) to base 15
144d9
What is -868528 (base 10) in base 12?
-35a754
What is -352ba5 (base 12) in base 11?
-5346a3
-1042243114 (base 5) to base 16
-232ff2
Convert -1010101011110011101 (base 2) to base 16.
-5579d
What is -307 (base 12) in base 15?
-1e4
What is 42430010 (base 5) in base 12?
153302
7a36b9 (base 16) to base 13
18757ba
-130001130222 (base 4) to base 2
-11100000001011100101010
-10815633 (base 9) to base 4
-110011222203
What is -165424662 (base 7) in base 2?
-101011010111011001101100
1100032241 (base 5) to base 2
1000111100101111011010
113014211 (base 7) to base 3
111001211222112
Convert 45607275 (base 8) to base 15.
d083a9
What is 516829 (base 12) in base 6?
43205253
Convert -3c116c (base 13) to base 7.
-15254561
131652654 (base 7) to base 15
b23ad0
What is 10111100010110111101010 (base 2) in base 5?
3040002023
Convert 6b478 (base 12) to base 6.
3031032
Convert -608811 (base 12) to base 5.
-341223411
-1011010110111000010100 (base 2) to base 13
-803221
-9080765 (base 10) to base 5
-4311041030
Convert -412122221 (base 5) to base 16.
-199511
Convert -10230041 (base 7) to base 16.
-d3085
What is 25302155 (base 8) in base 16?
55846d
What is b84534 (base 16) in base 10?
12076340
135544 (base 6) to base 11
9805
Convert 422585 (base 10) to base 6.
13020225
Convert 1194 (base 12) to base 15.
8c4
-1433962 (base 11) to base 8
-11316106
Convert -110010110111101001 (base 2) to base 5.
-23131421
-5d5c (base 14) to base 4
-3333132
Convert 19aa6a3 (base 12) to base 11.
3093545
What is -b18468 (base 13) in base 14?
-797722
What is -8b577 (base 14) in base 11?
-211436
28722 (base 10) to base 14
a678
What is -a834b (base 13) in base 15?
-60006
What is -7514716 (base 8) in base 9?
-3685862
-3605451 (base 9) to base 10
-1952632
Convert 183730 (base 13) to base 6.
21004534
Convert 6a722 (base 14) to base 9.
434663
3d45 (base 14) to base 11
8166
What is -55613 (base 15) in base 10?
-271368
94187 (base 12) to base 5
22200113
2223351 (base 6) to base 8
333163
What is 22759 (base 13) in base 3?
10012002221
4456471 (base 8) to base 10
1203513
Convert -132007 (base 8) to base 16.
-b407
What is 1b085 (base 14) in base 3?
10111021002
21a0239 (base 11) to base 2
1110101100001001110011
138336 (base 11) to base 4
310233120
Convert -3d76 (base 16) to base 6.
-200502
What is -54594 (base 16) in base 14?
-8dca0
2082106 (base 9) to base 2
100010000101011110011
-1011112030 (base 4) to base 8
-1052614
What is -8ace (base 16) in base 5?
-2114114
What is 11718 (base 9) in base 4?
1323002
Convert 185b47 (base 14) to base 7.
10214320
What is -172ad (base 15) in base 2?
-10010010001101111
Convert 35d4a5 (base 14) to base 2.
111000001101111101001
What is -34361000 (base 7) in base 15?
-3e5bb5
What is -10116003 (base 7) in base 4?
-3032100030
What is 20130 (base 15) in base 10?
101520
